 14 a factor of 251409?
False
Is 39 a factor of 3365232?
True
Is 6 a factor of 103863?
False
Does 19 divide 783575?
False
Is 1172205 a multiple of 855?
True
Is 8452488 a multiple of 264?
True
Does 333 divide 174492?
True
Is 40288 a multiple of 195?
False
Is 53 a factor of 88328?
False
Does 59 divide 745878?
True
Is 7674838 a multiple of 14?
False
Does 171 divide 95921?
False
Is 274344 a multiple of 71?
True
Does 1397 divide 568184?
False
Does 7 divide 7177?
False
Is 182168 a multiple of 28?
True
Is 6 a factor of 1203816?
True
Is 8 a factor of 27064?
True
Does 211 divide 1930861?
True
Does 20 divide 2083354?
False
Does 214 divide 254896?
False
Does 147 divide 3224004?
True
Does 97 divide 1951931?
True
Is 5601 a multiple of 65?
False
Is 6677132 a multiple of 931?
True
Is 657800 a multiple of 260?
True
Is 146880 a multiple of 34?
True
Is 826354 a multiple of 94?
True
Does 76 divide 3472549?
False
Is 11 a factor of 87648?
True
Is 16 a factor of 881984?
True
Does 15 divide 949645?
False
Is 4096440 a multiple of 360?
True
Does 5 divide 1632615?
True
Does 44 divide 5820056?
True
Is 2497516 a multiple of 764?
True
Is 566645 a multiple of 82?
False
Is 31 a factor of 2733146?
True
Is 55 a factor of 2599300?
True
Is 15993288 a multiple of 456?
True
Does 121 divide 2052083?
False
Is 13180 a multiple of 33?
False
Is 31 a factor of 133048?
False
Is 58208 a multiple of 32?
True
Is 59 a factor of 31812?
False
Is 58 a factor of 12489720?
True
Does 18 divide 1396548?
True
Is 495 a factor of 2221153?
False
Does 105 divide 164844?
False
Is 225603 a multiple of 95?
False
Does 941 divide 2705375?
True
Is 13 a factor of 5495094?
False
Is 46 a factor of 3633448?
True
Is 12 a factor of 2218980?
True
Is 1290762 a multiple of 251?
False
Is 85901 a multiple of 177?
False
Does 20 divide 50008?
False
Does 65 divide 54860?
True
Is 33 a factor of 1384020?
True
Is 57360 a multiple of 15?
True
Is 20330554 a multiple of 13?
False
Does 48 divide 87476?
False
Is 38 a factor of 1087099?
False
Does 234 divide 178870?
False
Is 11 a factor of 581403?
False
Does 13 divide 360032?
False
Is 4 a factor of 1679093?
False
Is 148929 a multiple of 11?
True
Is 4916700 a multiple of 2700?
True
Is 12991 a multiple of 526?
False
Is 542427 a multiple of 167?
False
Is 22 a factor of 26407?
False
Does 99 divide 56200?
False
Does 904 divide 4398864?
True
Is 58 a factor of 307062?
False
Is 32 a factor of 277024?
True
Does 345 divide 297874?
False
Does 30 divide 18870?
True
Is 17 a factor of 102865?
False
Is 397402 a multiple of 335?
False
Does 786 divide 698754?
True
Is 10 a factor of 108574?
False
Does 9 divide 209474?
False
Does 11 divide 372735?
True
Is 73 a factor of 6008411?
True
Does 71 divide 21456?
False
Is 489074 a multiple of 31?
False
Is 18 a factor of 967392?
True
Does 9 divide 417384?
True
Is 14 a factor of 5851063?
False
Is 1460 a factor of 1601620?
True
Is 5 a factor of 7567853?
False
Is 1599277 a multiple of 65?
False
Is 127 a factor of 401966?
False
Is 494287 a multiple of 458?
False
Is 56 a factor of 3983?
False
Is 1073 a factor of 10976473?
False
Is 41 a factor of 1343673?
False
Is 265423 a multiple of 36?
False
Does 25 divide 9118?
False
Is 376662 a multiple of 66?
True
Is 84552 a multiple of 6?
True
Is 10492112 a multiple of 462?
False
Does 2 divide 167150?
True
Is 45 a factor of 601019?
False
Is 2240873 a multiple of 38?
False
Is 12714239 a multiple of 739?
False
Is 25 a factor of 218400?
True
Is 14 a factor of 729705?
False
Is 36 a factor of 32381?
False
Is 785220 a multiple of 35?
False
Is 530 a factor of 3044850?
True
Is 25 a factor of 46204?
False
Is 17 a factor of 62067?
True
Is 145136 a multiple of 16?
True
Does 15 divide 1550850?
True
Is 364908 a multiple of 681?
False
Does 3 divide 275783?
False
Is 308114 a multiple of 9?
False
Does 9 divide 276453?
True
Is 1758055 a multiple of 13?
True
Does 56 divide 5498242?
False
Does 393 divide 10290?
False
Is 54329 a multiple of 81?
False
Does 35 divide 20230?
True
Does 10 divide 161173?
False
Does 2 divide 124270?
True
Does 4 divide 74162?
False
Is 5 a factor of 369870?
True
Does 23 divide 54096?
True
Does 175 divide 1077825?
True
Does 18 divide 1024290?
True
Does 3 divide 244194?
True
Does 199 divide 3212855?
True
Is 2434988 a multiple of 146?
True
Is 911340 a multiple of 61?
True
Is 530531 a multiple of 2?
False
Does 209 divide 78791?
False
Is 2259435 a multiple of 93?
True
Is 311 a factor of 1860713?
True
Is 43 a factor of 80281?
True
Is 1859598 a multiple of 351?
True
Does 60 divide 4665624?
False
Is 937882 a multiple of 210?
False
Is 328021 a multiple of 13?
False
Is 1218 a factor of 510342?
True
Does 454 divide 541413?
False
Is 15942 a multiple of 324?
False
Is 5917007 a multiple of 186?
False
Is 15 a factor of 277281?
False
Does 45 divide 26623?
False
Does 228 divide 432744?
True
Does 8 divide 212940?
False
Does 46 divide 733508?
False
Is 258 a factor of 846522?
False
Does 8 divide 93756?
False
Is 112 a factor of 434560?
True
Is 4489706 a multiple of 11?
False
Is 116 a factor of 150336?
True
Does 77 divide 312312?
True
Does 10 divide 423810?
True
Is 9 a factor of 37791?
True
Is 1851440 a multiple of 166?
False
Is 3236400 a multiple of 31?
True
Is 19906933 a multiple of 343?
False
Is 3666672 a multiple of 2213?
False
Is 629 a factor of 910163?
True
Does 9 divide 578988?
True
Is 11 a factor of 435146?
False
Is 534 a factor of 6156183?
False
Is 8 a factor of 1125216?
True
Does 11 divide 248080?
False
Is 8 a factor of 1142832?
True
Is 12488940 a multiple of 569?
False
Is 59 a factor of 182633?
False
Does 92 divide 108008?
True
Does 2060 divide 29845782?
False
Is 172 a factor of 97169?
False
Is 2730324 a multiple of 309?
True
Does 72 divide 170412?
False
Is 16 a factor of 184261?
False
Is 6 a factor of 2186476?
False
Is 20 a factor of 10310?
False
Does 7 divide 382922?
False
Does 142 divide 1181440?
True
Does 6 divide 45981?
False
Does 114 divide 244216?
False
Is 53 a factor of 220321?
True
Is 6 a factor of 441660?
True
Is 1401 a factor of 19325303?
False
Is 2112553 a multiple of 565?
False
Is 213575 a multiple of 368?
False
Does 27 divide 2436642?
True
Is 18 a factor of 1913961?
False
Is 56905 a multiple of 170?
False
Does 1842 divide 6890348?
False
Is 337 a factor of 1608126?
False
Is 15 a factor of 411765?
True
Does 382 divide 532508?
True
Is 12286813 a multiple of 77?
True
Is 2862342 a multiple of 63?
True
Is 4576498 a multiple of 63?
False
Is 6268032 a multiple of 75?
False
Is 3226912 a multiple of 13?
True
Is 86497 a multiple of 67?
True
Is 285 a factor of 1636462?
False
Is 156 a factor of 87734?
False
Is 5713350 a multiple of 51?
False
Does 222 divide 185814?
True
Does 26 divide 1019414?
False
Does 8 divide 296676?
False
Is 663139 a multiple of 41?
False
Does 438 divide 20178281?
False
Does 21 divide 26691?
True
Is 281288 a multiple of 28?
True
Is 150790 a multiple of 39?
False
Does 21 divide 35780?
False
Does 32 divide 418176?
True
Is 4 a factor of 1123890?
False
Is 8 a factor of 30397?
False
Is 1665092 a multiple of 902?
True
Is 7214345 a multiple of 268?
False
Is 3661282 a multiple of 5?
False
Is 2383512 a multiple of 456?
True
Is 59 a factor of 1848775?
False
Is 12 a factor of 711315?
False
Is 2093840 a multiple of 280?
True
Is 20684 a multiple of 5?
False
Is 77 a factor of 1475551?
True
Is 19 a factor of 332270?
False
Is 8 a factor of 85192?
True
Does 844 divide 74327?
False
Does 5 divide 600944?
False
Does 8 divide 3227912?
True
Does 57 divide 52099?
False
Is 8529 a multiple of 10?
False
Does 653 divide 5407212?
False
Is 9051125 a multiple of 44?
False
Is 24630596 a multiple of 609?
False
Does 25 divide 2079108?
False
Is 24 a factor of 3831225?
False
Is 6879622 a multiple of 862?
True
Is 2188340 a multiple of 145?
True
Is 40 a factor of 7782605?
False
Is 1642092 a multiple of 44?
False
Is 233 a factor of 136305?
True
Is 326504 a multiple of 3?
False
Does 44 divide 773916?
True
Does 6 divide 95628?
True
Does 4 divide 79455?
False
Does 62 divide 510012?
True
Is 13 a factor of 438755?
False
Does 6 divide 2026356?
True
Does 42 divide 3019716?
True
Is 10 a factor of 960653?
False
Is 1584 a multiple of 24?
True
Is 11005036 a multiple of 350?
False
Is 87 a factor of 74238?
False
Is 26 a factor of 831136?
False
Is 25 a